 be the second derivative of z**5/10 - 2*z**4 - 3*z**3 + 3*z**2/2 + z + 75. What is the remainder when u(13) is divided by 55?
52
Suppose -14*j + 13*j + 38 = 4*r, -3*j = r - 37. What is the remainder when 4706 is divided by j?
6
Suppose 3*l + 6 = 4*m, -2*m + l - 3 = -5. Suppose m = 6*g + 48 - 294. What is the remainder when 137 is divided by g?
14
Let p be 1/(-4) + 538/(-40)*-5. Suppose -6*d + 299 + p = 0. Calculate the remainder when 199 is divided by d.
16
Suppose 28*x + 26*x = 45*x + 162. Calculate the remainder when 1832 is divided by x.
14
Calculate the remainder when 1281*(-8 - (-650)/39 - 8) is divided by 171.
170
Suppose -4*y + 5*y = 5*r - 7, -5*y + 15 = 0. Suppose -2*m - 2*m + 2184 = -r*t, -2*m + 1104 = -4*t. Calculate the remainder when m is divided by 42.
40
Suppose -6220 = -48*w - 121*w + 1216. Calculate the remainder when 1170 is divided by w.
26
Let x(o) = -7*o + 2. Let g = 197 + -196. Let c(q) = 55*q**2 + 27*q - 26. Calculate the remainder when c(g) is divided by x(-4).
26
Let g(b) = 118*b**2 + 2*b - 2. What is the remainder when 244 is divided by g(1)?
8
Suppose 4*m - v = 526, 5*m - 572 = -5*v + 123. What is the remainder when 228 is divided by m?
95
Let z = 67 - 9. Let s be (29/(-3))/(28/(-12) - -2). Let d = 49 - s. Calculate the remainder when z is divided by d.
18
Suppose -4*c + 170 = 3*v, -3*c = 191*v - 186*v - 122. Let i(q) = 6*q + 9. Calculate the remainder when i(18) is divided by c.
29
Suppose -2*t - 825 = 3*a, 0 = -5*t + 8*a - 5*a - 2031. Let k = -384 - t. Let s(r) = -59*r. What is the remainder when s(-1) is divided by k?
11
Suppose -3*i + 2*j - 12 = -8*i, -5*j = 2*i - 9. Suppose -i*z + 8 = 0, -5*z - 21 = -t - 9*z. What is the remainder when 158 is divided by t?
3
Suppose 54*w = 32*w + 58784. Suppose -31*j + 23*j = -w. What is the remainder when j is divided by 14?
12
Calculate the remainder when (-9)/(180/(-35270))*4 is divided by 14.
12
Let m = -16091 + 16133. Calculate the remainder when 2183 is divided by m.
41
Let t = 57 - 57. Suppose 36 = -6*d - t. What is the remainder when 109 is divided by (196/(-21))/(((-4)/d)/(-2))?
25
Suppose -90*z = -95*z - 1080. What is the remainder when ((-11)/(990/z))/(1/70) is divided by 46?
30
Let z = 66 + -51. Suppose -z*t + 18*t = -6. Calculate the remainder when 201 is divided by (-34)/(-4)*15/((-15)/t).
14
Let k(b) = b**2 - 2*b - 21. Suppose -2*h = 0, h - 10 = -5*t - 0*h. Suppose 4*s + t = 2*r, 2 = 5*r - 4*s + 27. What is the remainder when k(r) is divided by 20?
18
Suppose 4*p + 2*z - 12 = 0, -p - 10*z = -6*z - 10. Calculate the remainder when 559 is divided by p.
1
Suppose -7*w = -6*w - 109. Suppose 49 = -5*l + w. Suppose 3*q = 7*q - l. Calculate the remainder when 11 is divided by q.
2
Let r be 0/1 - (-8 + 3). Suppose -270 = -r*s - m, 3*m = 3*s - 154 + 10. Let o = s - 42. What is the remainder when 54 is divided by o?
10
Let v(z) = -z**3 + 11*z**2 - 10*z + 1. Let c be v(10). Suppose 4*x + 16 = 2*s - 0, x - c = 0. Calculate the remainder when 69 is divided by s.
9
Suppose -4*k + 20 = 4*p, 21*p - 26*p - 20 = 0. Let h(a) = -3*a**3 + 28*a**2 - 3*a + 21. What is the remainder when h(k) is divided by 16?
11
Suppose 8*i - 68 = 3*i + 3*c, i - 8 = -5*c. Suppose -3*t + 0*t + 108 = 0. What is the remainder when t is divided by i?
10
Suppose 2152 = 3*v - 173. Calculate the remainder when v is divided by 41.
37
Calculate the remainder when 58 is divided by (7/(-21) - 11/12)/(35/(-560)).
18
Suppose -4*z + 91 = 3*z. Suppose i - z*k + 17*k - 11 = 0, -i = k - 5. What is the remainder when 17 is divided by i?
2
Suppose -3*q = -2*r - 109, 0 = -28*r + 32*r + 20. Calculate the remainder when 765 is divided by q.
6
Suppose -3*x + 292 - 69 = 5*c - 92, 0 = -5*x. Calculate the remainder when 427 is divided by c.
49
Let a be ((-25)/10)/((-15)/(-12)). Let q = a + 38. What is the remainder when 134 is divided by q?
26
Let x = -93 + 95. Suppose -x*n = -3*o - 25, 4*o - 11 = -n + 6*o. Suppose 8*j - 452 = 204. What is the remainder when j is divided by n?
14
Let u(o) = -o**2 - 2*o. Let r(i) = -i**3 + 20*i**2 + 23*i - 48. Let s(w) = -r(w) - 3*u(w). What is the remainder when 325 is divided by s(18)?
61
Suppose 0 = 2*w + 2*n - 7*n - 287, 2*w - n = 299. Suppose -42 = -3*g - 3*f, 0*g - 18 = -2*g - 4*f. What is the remainder when w is divided by g?
18
Let k(m) = -m**2 - 85*m - 1190. Calculate the remainder when 417 is divided by k(-20).
87
Let b be 6/(-57) - 41444/494. Suppose 4*s + r = -291, 3*s + 109 = 4*r - 133. Let h = s - b. Calculate the remainder when 69 is divided by h.
9
Let d(i) = -i**3 + 6*i**2 - 3*i + 1. Suppose -95*r = -88*r + 4*t - 1193, -2*r - 5*t + 364 = 0. Calculate the remainder when r is divided by d(4).
20
Suppose -5*w + 73 = 8. Suppose 4*v = 15 + w. Suppose 48 = -15*h + 17*h. What is the remainder when h is divided by v?
3
Calculate the remainder when 134 is divided by 2/(-6)*((2 - 2) + -93).
10
Suppose -l + 3*b = -32, 0*l = 2*l + b - 85. Calculate the remainder when 281 is divided by l.
35
Let c = 8032 - 7720. What is the remainder when c is divided by 56?
32
Let m(c) = -c**2 - 20*c + 11. Calculate the remainder when m(-18) is divided by 2/19 + 4*6149/988.
22
Let g(a) = -110*a + 7855. Calculate the remainder when 966 is divided by g(71).
21
Suppose -3*p - 2*d - 45 - 44 = 0, 4*p + 127 = -d. Let g = -30 - p. Suppose -4*z = -g*z - 50. Calculate the remainder when z is divided by 18.
14
Suppose -3*f + 3*t = -54, -3*t + 5*t - 40 = -2*f. Suppose -5*b + 4 = -11. What is the remainder when f is divided by b/(-18) + (-268)/(-24)?
8
Suppose 13*g - 165 = 2*g. Suppose 61*q - g = 58*q. Suppose c = 1 - q, 0 = -2*x + c + 108. What is the remainder when x is divided by 14?
10
Let o(y) = -y**2 - 2*y + 9. Suppose 8*z - 4*z = -20. Let l be o(z). What is the remainder when (2 + (-51)/l)/(3/32) is divided by 19?
17
Suppose 107 = 3*h - 13. What is the remainder when 98 is divided by h?
18
Suppose 5*w = 3*u - 991, -u - 3*w + 50 + 299 = 0. What is the remainder when 1707 is divided by u?
22
Suppose i = 3*b - 17 - 23, 0 = -b + 5*i + 4. Let u(c) = c**3 - 32*c**2 - 120*c + 527. Calculate the remainder when b is divided by u(35).
0
Let n(l) = 2*l**2 - 3*l + 8. Let o = 41 - 38. Calculate the remainder when 43 is divided by n(o).
9
Let g = -129 + 65. Let h = g - -115. What is the remainder when h is divided by 9?
6
Let b = 39 + -39. Let a = 5 + b. Suppose 0*c = -a*c + 80. Calculate the remainder when 109 is divided by c.
13
Let j = 256 + -128. Suppose 15*r + 8 - j = 0. Calculate the remainder when 29 is divided by r.
5
Suppose -12199*r + 12192*r = -9394. Calculate the remainder when r is divided by 114.
88
Suppose 4143*l = 4141*l - k + 25, 3*l - 4*k = -23. What is the remainder when ((-2)/(-4))/(5/190) is divided by l?
5
Suppose 468 = -7184*c + 7202*c. Suppose -4*i + 0*i + 20 = 0. What is the remainder when (-2 - 64/i)*-5 is divided by c?
22
Let m(t) = t**3 - 10*t**2 - 13*t + 21. Let u be m(11). Calculate the remainder when -5*1*(-1)/(u/(-17)) is divided by (-3)/(-7) + (-800)/(-28).
27
Suppose -173*s = -165*s - 16. Suppose 0 = 4*b - 106 + 18. Calculate the remainder when b is divided by s.
0
Let g = -1837 - -1849. Suppose 3*r - 4*u + 361 = -114, r - u + 159 = 0. Let w = -92 - r. Calculate the remainder when w is divided by g.
9
Let h be 24/5*(-30 + -5). Let q = -131 - h. Calculate the remainder when q is divided by 2*(1 - (-3)/2).
2
Calculate the remainder when 459 is divided by (7/(-98) - (-52)/(-56))*(-112 - 3).
114
Suppose -13 = -15*x + 32. Suppose -3*h + 0*g = 2*g - 153, -3*h + x*g + 153 = 0. What is the remainder when h is divided by 28?
23
Let f(j) = 7*j - 23. Let u be f(4). Suppose 0 = -k + u, 2*p - 2*k + 7 = 3*k. What is the remainder when 96 is divided by 96/p - (-3)/9?
8
Let v(b) = -2*b**2 - 70*b - 214. Calculate the remainder when v(-25) is divided by 47.
4
Let m(d) = -d**3 - 13*d**2 - 16*d - 28. Let i be m(-12). Suppose u - 3 = 0, -3*u + 229 = 4*l - i. What is the remainder when l is divided by 47?
13
Let p be (-980)/(-3)*(50/8 - 1). Suppose -t + 359 = -55*v + 58*v, -5*v = -5*t + p. Calculate the remainder when t is divided by 29.
28
Let a(t) = -t**3 - 11*t**2 + 17*t + 446. Calculate the remainder when a(-13) is divided by 52.
43
Let n(b) = 34*b + 1908. What is the remainder when 431 is divided by n(-56